{"id":199,"date":"2024-12-11T17:13:00","date_gmt":"2024-12-11T17:13:00","guid":{"rendered":"https:\/\/tuvsa.com.ar\/web\/?page_id=199"},"modified":"2025-04-30T09:21:06","modified_gmt":"2025-04-30T12:21:06","slug":"politica-de-calidad","status":"publish","type":"page","link":"https:\/\/tuvsa.com.ar\/web\/index.php\/politica-de-calidad\/","title":{"rendered":"POL\u00cdTICA DE CALIDAD"},"content":{"rendered":"\n<h2 class=\"wp-block-heading alignwide\" id=\"we-re-a-studio-in-berlin-with-an-international-practice-in-architecture-urban-planning-and-interior-design-we-believe-in-sharing-knowledge-and-promoting-dialogue-to-increase-the-creative-potential-of-collaboration\" style=\"font-size:48px;line-height:1.1\">POL\u00cdTICA DE LA CALIDAD<\/h2>\n\n\n\n<p class=\"has-regular-font-size\">TUV S.A. dispone de un Sistema de Gesti\u00f3n de Calidad basado en la norma ISO 9001:2015, que integra los siguientes principios:<\/p>\n\n\n\n<div style=\"height:21px\" aria-hidden=\"true\" class=\"wp-block-spacer\"><\/div>\n\n\n\n<p style=\"font-size:21px;text-transform:uppercase\">T\u00e9cnico<\/p>\n\n\n\n<p class=\"has-body-text-font-size\">\ud83d\udd34 Adecuarse a las exigencias crecientes de la seguridad vial y a los avances tecnol\u00f3gicos del parque automotor.<\/p>\n\n\n\n<div style=\"height:21px\" aria-hidden=\"true\" class=\"wp-block-spacer\"><\/div>\n\n\n\n<p style=\"font-size:21px;text-transform:uppercase\">Atenci\u00f3n al cliente<\/p>\n\n\n\n<p class=\"has-body-text-font-size\">\ud83d\udd34 Garantizar las condiciones de seguridad de los veh\u00edculos.<br>\ud83d\udd34 Concientizar a nuestros clientes acerca de la importancia de realizar la revisi\u00f3n t\u00e9cnica.<br>\ud83d\udd34 Brindar un servicio eficiente y \u00e1gil, buscando que el cliente se sienta a gusto en todo momento, mediante un asesoramiento personalizado y adecu\u00e1ndonos a las necesidades y requerimientos que se presentan.<\/p>\n\n\n\n<div style=\"height:21px\" aria-hidden=\"true\" class=\"wp-block-spacer\"><\/div>\n\n\n\n<p style=\"font-size:21px;text-transform:uppercase\">Capital Humano<\/p>\n\n\n\n<p class=\"has-body-text-font-size\">\ud83d\udd34 Promover el desarrollo, crecimiento y participaci\u00f3n de los colaboradores internos.<\/p>\n\n\n\n<div style=\"height:21px\" aria-hidden=\"true\" class=\"wp-block-spacer\"><\/div>\n\n\n\n<p style=\"font-size:21px;text-transform:uppercase\">Liderazgo<\/p>\n\n\n\n<p class=\"has-body-text-font-size\">\ud83d\udd34 Construir un liderazgo que permita la existencia de un ambiente interno colaborativo en el cual el personal se identifique con el logro de los objetivos de la organizaci\u00f3n.<\/p>\n\n\n\n<div style=\"height:21px\" aria-hidden=\"true\" class=\"wp-block-spacer\"><\/div>\n\n\n\n<p style=\"font-size:21px;text-transform:uppercase\">Negocios<\/p>\n\n\n\n<p class=\"has-body-text-font-size\">\ud83d\udd34 Orientar nuestros esfuerzos al alcance de la capacidad m\u00e1xima operativa de trabajo, conservando o aumentando la calidad del servicio.<\/p>\n\n\n\n<div style=\"height:21px\" aria-hidden=\"true\" class=\"wp-block-spacer\"><\/div>\n\n\n\n<p style=\"font-size:21px;text-transform:uppercase\">Normativa y legal<\/p>\n\n\n\n<p class=\"has-body-text-font-size\">\ud83d\udd34 Cumplir con los requisitos normativos y legales pertinentes buscando, adem\u00e1s, satisfacer las necesidades y expectativas de los miembros, clientes y dem\u00e1s partes interesadas.<\/p>\n\n\n\n<div style=\"height:21px\" aria-hidden=\"true\" class=\"wp-block-spacer\"><\/div>\n\n\n\n<p style=\"font-size:21px;text-transform:uppercase\">Mejora Continua<\/p>\n\n\n\n<p class=\"has-body-text-font-size\">\ud83d\udd34 Asignar los recursos necesarios para asegurar el mantenimiento del Sistema de Gesti\u00f3n de la Calidad, aplicando acciones preventivas y correctivas, de manera de promover siempre la mejora continua.<\/p>\n\n\n\n<div style=\"height:100px\" aria-hidden=\"true\" class=\"wp-block-spacer\"><\/div>\n\n\n\n<p class=\"has-text-align-right has-large-font-size\">Alicia Thourte \u2013 Presidente<br>ENERO 2024<\/p>\n","protected":false},"excerpt":{"rendered":"<p>POL\u00cdTICA DE LA CALIDAD TUV S.A. dispone de un Sistema de Gesti\u00f3n de Calidad basado en la norma ISO 9001:2015, que integra los siguientes principios: T\u00e9cnico \ud83d\udd34 Adecuarse a las exigencias crecientes de la seguridad vial y a los avances tecnol\u00f3gicos del parque automotor. Atenci\u00f3n al cliente \ud83d\udd34 Garantizar las condiciones de seguridad de los [&hellip;]<\/p>\n","protected":false},"author":1,"featured_media":0,"parent":0,"menu_order":0,"comment_status":"closed","ping_status":"closed","template":"","meta":{"footnotes":""},"class_list":["post-199","page","type-page","status-publish","hentry"],"_links":{"self":[{"href":"https:\/\/tuvsa.com.ar\/web\/index.php\/wp-json\/wp\/v2\/pages\/199","targetHints":{"allow":["GET"]}}],"collection":[{"href":"https:\/\/tuvsa.com.ar\/web\/index.php\/wp-json\/wp\/v2\/pages"}],"about":[{"href":"https:\/\/tuvsa.com.ar\/web\/index.php\/wp-json\/wp\/v2\/types\/page"}],"author":[{"embeddable":true,"href":"https:\/\/tuvsa.com.ar\/web\/index.php\/wp-json\/wp\/v2\/users\/1"}],"replies":[{"embeddable":true,"href":"https:\/\/tuvsa.com.ar\/web\/index.php\/wp-json\/wp\/v2\/comments?post=199"}],"version-history":[{"count":7,"href":"https:\/\/tuvsa.com.ar\/web\/index.php\/wp-json\/wp\/v2\/pages\/199\/revisions"}],"predecessor-version":[{"id":515,"href":"https:\/\/tuvsa.com.ar\/web\/index.php\/wp-json\/wp\/v2\/pages\/199\/revisions\/515"}],"wp:attachment":[{"href":"https:\/\/tuvsa.com.ar\/web\/index.php\/wp-json\/wp\/v2\/media?parent=199"}],"curies":[{"name":"wp","href":"https:\/\/api.w.org\/{rel}","templated":true}]}}