{"id":290,"date":"2024-12-26T17:54:35","date_gmt":"2024-12-26T17:54:35","guid":{"rendered":"https:\/\/tuvsa.com.ar\/web\/?page_id=290"},"modified":"2024-12-29T21:59:12","modified_gmt":"2024-12-29T21:59:12","slug":"servicios","status":"publish","type":"page","link":"https:\/\/tuvsa.com.ar\/web\/index.php\/servicios\/","title":{"rendered":"SERVICIOS"},"content":{"rendered":"\n<div class=\"wp-block-columns about-wrapper is-layout-flex wp-container-core-columns-is-layout-28f84493 wp-block-columns-is-layout-flex\">\n<div class=\"wp-block-column is-vertically-aligned-center is-layout-flow wp-block-column-is-layout-flow\" style=\"flex-basis:35%\">\n<div class=\"wp-block-columns are-vertically-aligned-center about-text-wrapper is-layout-flex wp-container-core-columns-is-layout-9a7b4b36 wp-block-columns-is-layout-flex\" style=\"margin-top:0;margin-bottom:5px;padding-top:20px;padding-right:10px;padding-bottom:20px;padding-left:10px\">\n<div class=\"wp-block-column is-vertically-aligned-center aboutimg-box is-layout-flow wp-block-column-is-layout-flow\" style=\"flex-basis:20%\">\n<figure class=\"wp-block-image aligncenter size-full wow rotateIn\"><img decoding=\"async\" src=\"https:\/\/tuvsa.com.ar\/web\/wp-content\/themes\/car-repair-blocks\/images\/icon1.png\" alt=\"\" class=\"wp-image-64\"\/><\/figure>\n<\/div>\n\n\n\n<div class=\"wp-block-column is-vertically-aligned-center is-layout-flow wp-block-column-is-layout-flow\" style=\"flex-basis:80%\">\n<h4 class=\"wp-block-heading has-text-align-left has-large-font-size\" style=\"font-style:normal;font-weight:600\">Revisi\u00f3n t\u00e9cnica Obligatoria Nacional de Veh\u00edculos de carga<\/h4>\n\n\n\n<div class=\"wp-block-buttons is-content-justification-center is-layout-flex wp-container-core-buttons-is-layout-a89b3969 wp-block-buttons-is-layout-flex\">\n<div class=\"wp-block-button\"><a class=\"wp-block-button__link wp-element-button\" href=\"https:\/\/tuvsa.com.ar\/web\/index.php\/revision-tecnica-obligatoria-nacional-de-vehiculos-de-carga\/\" target=\"_blank\" rel=\"noreferrer noopener\">VER SERVICIO<\/a><\/div>\n<\/div>\n<\/div>\n<\/div>\n\n\n\n<div class=\"wp-block-columns are-vertically-aligned-center about-text-wrapper is-layout-flex wp-container-core-columns-is-layout-9060786c wp-block-columns-is-layout-flex\" style=\"margin-top:0px;margin-bottom:5px;padding-top:20px;padding-right:10px;padding-bottom:20px;padding-left:10px\">\n<div class=\"wp-block-column is-vertically-aligned-center aboutimg-box is-layout-flow wp-block-column-is-layout-flow\" style=\"flex-basis:20%\">\n<figure class=\"wp-block-image aligncenter size-full wow rotateIn\"><img decoding=\"async\" src=\"https:\/\/tuvsa.com.ar\/web\/wp-content\/themes\/car-repair-blocks\/images\/icon1.png\" alt=\"\" class=\"wp-image-64\"\/><\/figure>\n<\/div>\n\n\n\n<div class=\"wp-block-column is-vertically-aligned-center is-layout-flow wp-block-column-is-layout-flow\" style=\"flex-basis:80%\">\n<h4 class=\"wp-block-heading has-large-font-size\" style=\"font-style:normal;font-weight:600\">Revisi\u00f3n t\u00e9cnica Obligatoria Nacional de veh\u00edculos de transporte de pasajeros<\/h4>\n\n\n\n<div class=\"wp-block-buttons is-content-justification-center is-layout-flex wp-container-core-buttons-is-layout-a89b3969 wp-block-buttons-is-layout-flex\">\n<div class=\"wp-block-button\"><a class=\"wp-block-button__link wp-element-button\" href=\"https:\/\/tuvsa.com.ar\/web\/index.php\/revision-tecnica-obligatoria-nacional-de-vehiculos-de-transporte-de-pasajeros\/\" target=\"_blank\" rel=\"noreferrer noopener\">VER SERVICIO<\/a><\/div>\n<\/div>\n<\/div>\n<\/div>\n\n\n\n<div class=\"wp-block-columns are-vertically-aligned-center about-text-wrapper is-layout-flex wp-container-core-columns-is-layout-545c1e42 wp-block-columns-is-layout-flex\" style=\"margin-top:0px;margin-bottom:0px;padding-top:20px;padding-right:10px;padding-bottom:20px;padding-left:10px\">\n<div class=\"wp-block-column is-vertically-aligned-center aboutimg-box is-layout-flow wp-block-column-is-layout-flow\" style=\"flex-basis:20%\">\n<figure class=\"wp-block-image aligncenter size-full wow rotateIn\"><img decoding=\"async\" src=\"https:\/\/tuvsa.com.ar\/web\/wp-content\/themes\/car-repair-blocks\/images\/icon6.png\" alt=\"\" class=\"wp-image-78\"\/><\/figure>\n<\/div>\n\n\n\n<div class=\"wp-block-column is-vertically-aligned-center is-layout-flow wp-block-column-is-layout-flow\" style=\"flex-basis:80%\">\n<h4 class=\"wp-block-heading has-large-font-size\" style=\"font-style:normal;font-weight:600\">Asesoramiento en Certificaciones<\/h4>\n\n\n\n<div class=\"wp-block-buttons is-content-justification-center is-layout-flex wp-container-core-buttons-is-layout-a89b3969 wp-block-buttons-is-layout-flex\">\n<div class=\"wp-block-button\"><a class=\"wp-block-button__link wp-element-button\" href=\"https:\/\/tuvsa.com.ar\/web\/index.php\/asesoramiento-en-certificaciones\/\" target=\"_blank\" rel=\"noreferrer noopener\">VER SERVICIO<\/a><\/div>\n<\/div>\n<\/div>\n<\/div>\n<\/div>\n\n\n\n<div class=\"wp-block-column is-vertically-aligned-center is-layout-flow wp-block-column-is-layout-flow\" style=\"flex-basis:30%\">\n<figure class=\"wp-block-image size-full\"><img loading=\"lazy\" decoding=\"async\" width=\"1080\" height=\"1080\" src=\"https:\/\/tuvsa.com.ar\/web\/wp-content\/uploads\/2024\/12\/CAMION.png\" alt=\"\" class=\"wp-image-284\" srcset=\"https:\/\/tuvsa.com.ar\/web\/wp-content\/uploads\/2024\/12\/CAMION.png 1080w, https:\/\/tuvsa.com.ar\/web\/wp-content\/uploads\/2024\/12\/CAMION-300x300.png 300w, https:\/\/tuvsa.com.ar\/web\/wp-content\/uploads\/2024\/12\/CAMION-1024x1024.png 1024w, https:\/\/tuvsa.com.ar\/web\/wp-content\/uploads\/2024\/12\/CAMION-150x150.png 150w, https:\/\/tuvsa.com.ar\/web\/wp-content\/uploads\/2024\/12\/CAMION-768x768.png 768w\" sizes=\"auto, (max-width: 1080px) 100vw, 1080px\" \/><\/figure>\n<\/div>\n\n\n\n<div class=\"wp-block-column is-vertically-aligned-center is-layout-flow wp-block-column-is-layout-flow\" style=\"flex-basis:35%\">\n<div class=\"wp-block-columns are-vertically-aligned-center about-text-wrapper is-layout-flex wp-container-core-columns-is-layout-9a7b4b36 wp-block-columns-is-layout-flex\" style=\"margin-top:0;margin-bottom:5px;padding-top:20px;padding-right:10px;padding-bottom:20px;padding-left:10px\">\n<div class=\"wp-block-column is-vertically-aligned-center aboutimg-box is-layout-flow wp-block-column-is-layout-flow\" style=\"flex-basis:20%\">\n<figure class=\"wp-block-image aligncenter size-full wow rotateIn\"><img decoding=\"async\" src=\"https:\/\/tuvsa.com.ar\/web\/wp-content\/themes\/car-repair-blocks\/images\/icon1.png\" alt=\"\" class=\"wp-image-64\"\/><\/figure>\n<\/div>\n\n\n\n<div class=\"wp-block-column is-vertically-aligned-center is-layout-flow wp-block-column-is-layout-flow\" style=\"flex-basis:80%\">\n<h4 class=\"wp-block-heading has-large-font-size\" style=\"font-style:normal;font-weight:600\">Revisi\u00f3n t\u00e9cnica Obligatoria Nacional de veh\u00edculos de carga peligrosa<\/h4>\n\n\n\n<div class=\"wp-block-buttons is-content-justification-center is-layout-flex wp-container-core-buttons-is-layout-a89b3969 wp-block-buttons-is-layout-flex\">\n<div class=\"wp-block-button\"><a class=\"wp-block-button__link wp-element-button\" href=\"https:\/\/tuvsa.com.ar\/web\/index.php\/revision-tecnica-obligatoria-nacional-de-vehiculos-de-carga-peligrosa\/\" target=\"_blank\" rel=\"noreferrer noopener\">VER SERVICIO<\/a><\/div>\n<\/div>\n<\/div>\n<\/div>\n\n\n\n<div class=\"wp-block-columns are-vertically-aligned-center about-text-wrapper is-layout-flex wp-container-core-columns-is-layout-9060786c wp-block-columns-is-layout-flex\" style=\"margin-top:0px;margin-bottom:5px;padding-top:20px;padding-right:10px;padding-bottom:20px;padding-left:10px\">\n<div class=\"wp-block-column is-vertically-aligned-center aboutimg-box is-layout-flow wp-block-column-is-layout-flow\" style=\"flex-basis:20%\">\n<figure class=\"wp-block-image aligncenter size-full wow rotateIn\"><img decoding=\"async\" src=\"https:\/\/tuvsa.com.ar\/web\/wp-content\/themes\/car-repair-blocks\/images\/icon1.png\" alt=\"\" class=\"wp-image-64\"\/><\/figure>\n<\/div>\n\n\n\n<div class=\"wp-block-column is-vertically-aligned-center is-layout-flow wp-block-column-is-layout-flow\" style=\"flex-basis:80%\">\n<h4 class=\"wp-block-heading has-large-font-size\" style=\"font-style:normal;font-weight:600\">Revisi\u00f3n t\u00e9cnica Obligatoria Nacional de veh\u00edculos particulares no radicados en CABA, Buenos Aires ni Mendoza.<\/h4>\n\n\n\n<div class=\"wp-block-buttons is-content-justification-center is-layout-flex wp-container-core-buttons-is-layout-a89b3969 wp-block-buttons-is-layout-flex\">\n<div class=\"wp-block-button\"><a class=\"wp-block-button__link wp-element-button\" href=\"https:\/\/tuvsa.com.ar\/web\/index.php\/revision-tecnica-obligatoria-nacional-de-vehiculos-particulares-no-radicados-encaba-buenos-aires-ni-mendoza\/\" target=\"_blank\" rel=\"noreferrer noopener\">VER SERVICIO<\/a><\/div>\n<\/div>\n<\/div>\n<\/div>\n\n\n\n<div class=\"wp-block-columns are-vertically-aligned-center about-text-wrapper is-layout-flex wp-container-core-columns-is-layout-545c1e42 wp-block-columns-is-layout-flex\" style=\"margin-top:0px;margin-bottom:0px;padding-top:20px;padding-right:10px;padding-bottom:20px;padding-left:10px\">\n<div class=\"wp-block-column is-vertically-aligned-center aboutimg-box is-layout-flow wp-block-column-is-layout-flow\" style=\"flex-basis:20%\">\n<figure class=\"wp-block-image aligncenter size-full wow rotateIn\"><img decoding=\"async\" src=\"https:\/\/tuvsa.com.ar\/web\/wp-content\/themes\/car-repair-blocks\/images\/icon6.png\" alt=\"\" class=\"wp-image-78\"\/><\/figure>\n<\/div>\n\n\n\n<div class=\"wp-block-column is-vertically-aligned-center is-layout-flow wp-block-column-is-layout-flow\" style=\"flex-basis:80%\">\n<h4 class=\"wp-block-heading has-large-font-size\" style=\"font-style:normal;font-weight:600\">Asesoramiento en RUTA<\/h4>\n\n\n\n<div class=\"wp-block-buttons is-content-justification-center is-layout-flex wp-container-core-buttons-is-layout-a89b3969 wp-block-buttons-is-layout-flex\">\n<div class=\"wp-block-button\"><a class=\"wp-block-button__link wp-element-button\" href=\"https:\/\/tuvsa.com.ar\/web\/index.php\/asesoramiento-en-ruta\/\" target=\"_blank\" rel=\"noreferrer noopener\">VER SERVICIO<\/a><\/div>\n<\/div>\n<\/div>\n<\/div>\n<\/div>\n<\/div>\n\n\n\n<div style=\"height:33px\" aria-hidden=\"true\" class=\"wp-block-spacer\"><\/div>\n\n\n\n<div class=\"wp-block-group is-layout-grid wp-container-core-group-is-layout-d25fd871 wp-block-group-is-layout-grid\" style=\"border-style:none;border-width:0px;border-radius:0px;min-height:0px;margin-top:0;margin-bottom:0;padding-top:0;padding-right:0;padding-bottom:0;padding-left:0\">\n<div class=\"wp-block-group wp-container-content-0508655f is-layout-flow wp-container-core-group-is-layout-d6743c7d wp-block-group-is-layout-flow\">\n<p class=\"has-text-align-center has-heading-color has-text-color\" style=\"font-size:39px;font-style:normal;font-weight:600;letter-spacing:0px;line-height:0.9;text-transform:uppercase\"><strong>Consulta tu vencimiento<\/strong> R.T.O<\/p>\n<\/div>\n\n\n\n<div class=\"wp-block-group wp-container-content-8d6a4fde is-vertical is-content-justification-center is-layout-flex wp-container-core-group-is-layout-b1d58fd5 wp-block-group-is-layout-flex\">\n<div class=\"wp-block-buttons is-layout-flex wp-block-buttons-is-layout-flex\">\n<div class=\"wp-block-button has-custom-width wp-block-button__width-100 has-custom-font-size is-style-outline is-style-outline--1\" style=\"font-size:20px;font-style:normal;font-weight:700;letter-spacing:0px;text-decoration:none;text-transform:none\"><a class=\"wp-block-button__link has-white-color has-primary-background-color has-text-color has-background has-text-align-center wp-element-button\" href=\"https:\/\/www.cent.utn.edu.ar\/rto\/\" style=\"border-style:none;border-width:0px;border-radius:0px;padding-top:21px;padding-right:95px;padding-bottom:21px;padding-left:95px\" target=\"_blank\" rel=\"noreferrer noopener\">CONSULTAR<\/a><\/div>\n<\/div>\n<\/div>\n<\/div>\n","protected":false},"excerpt":{"rendered":"<p>Revisi\u00f3n t\u00e9cnica Obligatoria Nacional de Veh\u00edculos de carga Revisi\u00f3n t\u00e9cnica Obligatoria Nacional de veh\u00edculos de transporte de pasajeros Asesoramiento en Certificaciones Revisi\u00f3n t\u00e9cnica Obligatoria Nacional de veh\u00edculos de carga peligrosa Revisi\u00f3n t\u00e9cnica Obligatoria Nacional de veh\u00edculos particulares no radicados en CABA, Buenos Aires ni Mendoza. Asesoramiento en RUTA Consulta tu vencimiento R.T.O<\/p>\n","protected":false},"author":1,"featured_media":0,"parent":0,"menu_order":0,"comment_status":"closed","ping_status":"closed","template":"","meta":{"footnotes":"[]"},"class_list":["post-290","page","type-page","status-publish","hentry"],"_links":{"self":[{"href":"https:\/\/tuvsa.com.ar\/web\/index.php\/wp-json\/wp\/v2\/pages\/290","targetHints":{"allow":["GET"]}}],"collection":[{"href":"https:\/\/tuvsa.com.ar\/web\/index.php\/wp-json\/wp\/v2\/pages"}],"about":[{"href":"https:\/\/tuvsa.com.ar\/web\/index.php\/wp-json\/wp\/v2\/types\/page"}],"author":[{"embeddable":true,"href":"https:\/\/tuvsa.com.ar\/web\/index.php\/wp-json\/wp\/v2\/users\/1"}],"replies":[{"embeddable":true,"href":"https:\/\/tuvsa.com.ar\/web\/index.php\/wp-json\/wp\/v2\/comments?post=290"}],"version-history":[{"count":25,"href":"https:\/\/tuvsa.com.ar\/web\/index.php\/wp-json\/wp\/v2\/pages\/290\/revisions"}],"predecessor-version":[{"id":485,"href":"https:\/\/tuvsa.com.ar\/web\/index.php\/wp-json\/wp\/v2\/pages\/290\/revisions\/485"}],"wp:attachment":[{"href":"https:\/\/tuvsa.com.ar\/web\/index.php\/wp-json\/wp\/v2\/media?parent=290"}],"curies":[{"name":"wp","href":"https:\/\/api.w.org\/{rel}","templated":true}]}}